Let s(v) = -2*v**3 + 24*v**2 - 10*v - 10. What is s(9)?
386
Let h(q) = 98*q + 602. Determine h(-15).
-868
Let s(b) = -b**3 - 11*b**2 - 15*b - 18. Calculate s(-6).
-108
Let n(c) = -152*c - 1048. Determine n(-5).
-288
Let m(s) = 30*s**2 + 126*s + 17. Give m(-4).
-7
Let w(h) = 105*h + 3749. Calculate w(-36).
-31
Let i(d) = 28*d - 11. What is i(-18)?
-515
Let z(u) = 551*u**3 + 6*u**2 - 3*u - 4. Give z(1).
550
Let h(u) = -u**2 + 429*u - 3367. Calculate h(8).
1
Let m(a) = 285*a + 3692. Determine m(-13).
-13
Let j(o) = o**3 + 11*o**2 + 9*o + 68. Determine j(-11).
-31
Let m(x) = -162*x - 645. Give m(-4).
3
Let r(o) = 2*o**2 + 71*o - 1198. Determine r(-48).
2
Let k(n) = 24*n + 58. Calculate k(-2).
10
Let k(p) = p**3 + 7*p**2 - 2*p - 46. Determine k(0).
-46
Let l(d) = -207*d + 1446. Give l(7).
-3
Let x(t) = 148*t**2 - 154*t + 6. Determine x(1).
0
Let r(t) = -t**2 + 30*t + 347. Calculate r(26).
451
Let u(q) = -q**3 + 16*q**2 - 397*q + 4178. Calculate u(12).
-10
Let m(i) = 9*i**2 - 83*i + 167. Give m(7).
27
Let x(q) = q**3 - q**2 + 333*q + 3253. Give x(-8).
13
Let h(r) = -r**2 + 9*r + 1. Calculate h(15).
-89
Let x(w) = -68*w + 1336. Calculate x(19).
44
Let g(f) = 5*f**3 - 38*f**2 + 16*f + 27. Determine g(7).
-8
Let q(r) = -92*r + 638. Calculate q(7).
-6
Let l(m) = -27*m + 944. Calculate l(0).
944
Let i(d) = d**3 + 37*d**2 - 172*d - 3683. What is i(-39)?
-17
Let i(d) = d**3 - 6*d**2 - 15*d - 9. Calculate i(-3).
-45
Let b(j) = -766*j + 1532. Determine b(2).
0
Let c(w) = -1424*w + 8556. Calculate c(6).
12
Let r(p) = -202*p**2 + 5288*p - 936. Calculate r(26).
0
Let r(p) = p**2 - 32*p - 1133. Give r(-21).
-20
Let b(k) = -k**3 - 6*k**2 + 51*k + 3. Give b(5).
-17
Let p(d) = 27*d + 1306. Give p(-46).
64
Let n(p) = 63*p**2 - 126*p - 11. Determine n(2).
-11
Let j(t) = -41*t - 4749. Determine j(-115).
-34
Let d(x) = x**2 - 61*x + 921. What is d(15)?
231
Let t(p) = -44*p**2 - 120*p - 75. Calculate t(-1).
1
Let g(r) = -5548*r + 33266. Give g(6).
-22
Let y(i) = -i**3 + 46*i**2 - 10*i + 476. Calculate y(46).
16
Let p(d) = -188*d - 1461. What is p(-8)?
43
Let y(d) = -d**3 + 14*d**2 - 13*d - 7. Give y(13).
-7
Let j(k) = -k**2 - 32*k - 1. Determine j(7).
-274
Let c(v) = 21*v - 20. Determine c(-9).
-209
Let x(b) = 2*b**3 + 21*b**2 + 17*b + 8. Calculate x(-11).
-300
Let q(d) = -127*d + 87. Calculate q(0).
87
Let a(y) = -3*y**2 - 5*y + 2. Give a(-4).
-26
Let j(b) = -b**2 + 28*b - 94. What is j(24)?
2
Let g(r) = 93*r - 176. Determine g(2).
10
Let v(y) = 2*y**3 + 35*y**2 - 49*y + 159. Give v(-19).
7
Let j(z) = -3*z**2 - 32*z - 12. Give j(-6).
72
Let m(j) = -6*j**2 + 36*j + 70. What is m(6)?
70
Let x(m) = -m**2 - 134*m - 279. Give x(-132).
-15
Let p(r) = -2*r**3 - 17*r**2 - 3*r - 7. Determine p(-9).
101
Let z(m) = m**2 + 51*m - 2006. Determine z(26).
-4
Let l(a) = 3*a**3 - 5*a - 5. Give l(2).
9
Let s(u) = -u**3 + 4*u**2 + 8*u + 1. What is s(-1)?
-2
Let g(v) = v**3 + 2*v**2 - 56*v - 161. Determine g(-3).
-2
Let p(h) = -132*h + 10166. Give p(77).
2
Let t(h) = -5*h + 303. Calculate t(63).
-12
Let y(k) = 38*k**2 - 59*k + 43. Determine y(1).
22
Let s(k) = k**2 - 12*k - 22. Give s(11).
-33
Let y(v) = -180*v - 157. Determine y(-1).
23
Let j(f) = f**2 - 32*f + 261. Calculate j(15).
6
Let x(j) = 21*j**3 + 105*j**2 - 26*j - 146. Determine x(-5).
-16
Let l(u) = 3*u**3 - 410*u**2 - 1401*u + 139. What is l(140)?
-1
Let u(b) = -123*b**2 + 30628*b - 241. Give u(249).
8
Let d(r) = 9*r + 174. Give d(-21).
-15
Let q(v) = 59*v + 3004. Calculate q(-50).
54
Let n(y) = 2*y**3 + 30*y**2 + 69*y - 10. Determine n(-12).
26
Let g(i) = -2*i**2 + 75*i + 189. Determine g(40).
-11
Let l(i) = 30*i + 1684. What is l(-58)?
-56
Let o(q) = 30*q + 2334. Give o(-78).
-6
Let c(h) = 305*h + 3364. Calculate c(-11).
9
Let t(s) = -s**2 - 516*s - 3589. Give t(-7).
-26
Let j(g) = -30*g**2 + 232*g - 2. Calculate j(8).
-66
Let v(f) = 375*f + 11628. Calculate v(-31).
3
Let t(k) = 5*k - 69. Calculate t(19).
26
Let i(z) = -z**3 - 31*z**2 + 28*z - 3. Determine i(-32).
125
Let r(c) = -7*c**2 + 442*c - 65. Determine r(63).
-2
Let s(f) = 36*f + 194. What is s(-8)?
-94
Let r(m) = -42*m**2 + 9*m - 16. Calculate r(2).
-166
Let v(j) = -j**2 + 51*j + 8476. What is v(121)?
6
Let z(m) = -2*m**3 + 6*m**2 + 2*m + 34. Calculate z(5).
-56
Let c(b) = 297*b + 1114. What is c(-4)?
-74
Let u(r) = -r**3 + 23*r**2 + 46*r - 22. Calculate u(25).
-122
Let n(k) = -k**2 + 4386*k + 13156. What is n(-3)?
-11
Let u(n) = -n**3 + 2*n**2 + 16*n - 23. Determine u(6).
-71
Let i(v) = -326*v - 5872. Calculate i(-18).
-4
Let z(t) = -130*t + 3761. Give z(29).
-9
Let r(n) = 138*n + 7445. Calculate r(-54).
-7
Let p(y) = y**3 + 13*y**2 + 17*y + 88. What is p(-12)?
28
Let o(v) = 75*v + 1412. What is o(-19)?
-13
Let c(r) = -447*r - 11179. Determine c(-25).
-4
Let y(u) = 4*u**2 + 11*u + 36. What is y(-4)?
56
Let t(p) = -p**3 + 8*p**2 + 34*p + 4. Determine t(-6).
304
Let y(n) = -45*n**2 - 305*n - 93. Calculate y(-7).
-163
Let i(b) = -3*b**3 + 15*b**2 + 27*b + 39. Calculate i(8).
-321
Let m(f) = 37*f - 57. Determine m(2).
17
Let i(x) = 447*x + 14287. Give i(-32).
-17
Let n(k) = 24*k**3 + 3*k**2 - 4*k - 4. Give n(-1).
-21
Let z(p) = -p**2 + 15*p + 303. What is z(24)?
87
Let f(t) = t**3 + 9*t**2 - 32*t - 55. Calculate f(-11).
55
Let c(q) = 61*q + 724. Give c(-12).
-8
Let l(b) = -b**3 - 6*b**2 - 62*b - 330. Give l(-6).
42
Let v(n) = -8*n + 161. Give v(28).
-63
Let m(l) = -5*l**2 - 690*l + 700. Give m(-139).
5
Let n(c) = -c**3 - 12*c**2 + 3689*c + 267. Calculate n(-67).
-1
Let q(a) = a**2 - a + 31. Calculate q(12).
163
Let o(s) = -s**3 - 29*s**2 + 25*s - 153. Calculate o(-30).
-3
Let l(i) = 2*i**3 + 18*i**2 - 18*i + 8. Calculate l(-10).
-12
Let z(g) = -g**3 + 2*g**2 + 7*g - 9. What is z(4)?
-13
Let l(q) = -5318*q + 5343. Give l(1).
25
Let a(k) = k**3 - 11*k**2 - 81*k - 65. What is a(-4)?
19
Let a(c) = -3*c**2 + 362*c - 7520. Give a(94).
0
Let s(x) = x**3 - 7*x**2 - 188*x + 1581. Give s(12).
45
Let g(n) = -803*n + 6429. Give g(8).
5
Let b(g) = 3*g**2 - 30*g - 12. Determine b(12).
60
Let t(x) = -2*x**3 + 102*x**2 - 331*x + 2072. Give t(48).
8
Let f(m) = 50*m - 536. Calculate f(-2).
-636
Let a(k) = 97*k + 3205. Calculate a(-33).
4
Let j(x) = 6187*x - 74203. Give j(12).
41
Let b(p) = -2*p**3 + 5*p**2 + 10*p + 8. What is b(6)?
-184
Let n(x) = 6958*x - 173950. What is n(25)?
0
Let s(a) = -4621*a + 32356. Determine s(7).
9
Let j(h) = h**2 + 90*h + 621. Determine j(-7).
40
Let q(y) = -13*y + 539. Determine q(42).
-7
Let w(d) = -157*d + 5119. What is w(33)?
-62
Let l(n) = -n**3 + 25*n**2 - 39*n - 16. Calculate l(23).
145
Let v(r) = r**3 + r**2 + 9*r + 1. Determine v(3).
64
Let i(d) = -5*d - 13. Calculate i(-2).
-3
Let b(y) = 2166*y - 4323. What is b(2)?
9
Let w(n) = -11*n + 202. Give w(20).
-18
Let p(a) = -483*a + 2905. What is p(6)?
7
Let a(p) = -p**3 + 30*p**2 + 64*p + 5. Determine a(32).
5
Let h(x) = -43*x**2 + 28*x + 24. Give h(-3).
-447
Let c(u) = 3*u**2 + 16*u - 510. Determine c(-16).
2
Let w(m) = m**3 - 2*m**2 - 7*m + 31. Determine w(0).
31
Let m(d) = -3440*d - 24048. Give m(-7).
32
Let i(n) = -33*n - 325. What is i(-13)?
104
Let f(r) = -1092*r + 1098. Calculate f(1).
6
Let p(r) = -240*r + 2576. What is p(10)?
176
Let a(v) = 8*v + 55. What is a(-10)?
-25
Let m(u) = -4*u**2 - 38*u + 32. Calculate m(-10).
12
Let l(x) = -6*x**2 - 73*x - 217. Calculate l(-4).
-21
Let b(n) = -306*n - 106495. Determine b(-348).
-7
Let s(j) = -146*j + 67. Give s(-1).
213
Let q(i) = 2*i**2 + 30*i - 1001. Calculate q(-31).
-9
Let n(y) = 2*y**3 - 26*y**2 + 67*y + 9. Calculate n(3).
30
Let i(g) = 32992*g - 197953. Calculate i(6).
-1
Let s(d) = 962*d + 8551. What is s(-9)?
-107
Let x(y) = 165*y - 671. What is x(4)?
-11
Let s(p) = -2*p**3 + 22*p**2 + 64*p - 850. What is s(10)?
-10
Let b(n) = -n**3 + 21*n**2 - 2*n - 44. Determine b(21).
-86
Let i(k) = -k**2 + 124*k - 2811. What is i(93)?
72
Let j(z) = 2*z**2 - 13*z + 72. What is j(7)?
79
Let i(n) = 3*n**2 + 10*n - 110. What is i(-9)?
43
Let x(s) = 56*s**2 + 39*s - 1781. Calculate x(-6).
1
Let j(y) = 387*y + 13935. Determine j(-36).
3
Let n(k) = 76*k - 1222. Determine n(16).
-6
Let s(x) = 2*x**3 - 216*x**2 - 459*x + 2091. Give s(110).
1
Let z(a) = 1290*a - 5172. Calculate z(4).
-12
Let v(t) = 34*t**2 + 254*t + 48. Give v(-8).
192
Let d(w) = 2*w**2 + 254*w